hat is the units digit of b?
1
Let t be 68838/273 - 2/13. Suppose 5*r - r = t. What is the tens digit of r?
6
Let n = 22 - 10. Let o = 15 - n. Suppose -25 = -5*y, -o*g + 4*y + 27 = -2*g. What is the tens digit of g?
4
Let v(x) = x**2 + 5*x + 1. Let k be v(-5). Suppose 3*b = -4 + k. What is the units digit of (b - 0 - 18)/(-1)?
9
What is the units digit of (-59939)/(-66) - (3 + (-34)/12)?
8
Suppose 3*i - 1386 = -3*i. Suppose i + 189 = 5*x. What is the tens digit of x?
8
Let p(n) = -n**2 + 5*n + 3. Let f be p(6). Let w(c) = -4*c**3 - 2*c**2 + c - 7. What is the units digit of w(f)?
0
Suppose 24736 + 16896 = 16*v. What is the thousands digit of v?
2
Let v be -8 + 6 + 1 + 4. Suppose -q = b - 5, 3*q + v*b = -b + 18. Suppose -2*y + 58 = -0*m - q*m, 2*m = 5*y - 139. What is the units digit of y?
7
Suppose -3*l + 320 = 50. What is the units digit of l?
0
Suppose -23 = -2*r - 75. What is the units digit of 3/(-2) - 169/r?
5
Let k(l) = 128*l + 360. What is the thousands digit of k(11)?
1
Suppose 0 = 8*d - 0 + 8. What is the units digit of (-668)/16*(d - 3)?
7
Let p be (-3)/12 + (-903)/(-28). Suppose p + 204 = 4*y. What is the tens digit of y?
5
Suppose -f - 4*f + 10 = 0. Let m = 22 - 13. Suppose -d + 1 = -3*k + m, d - 12 = -f*k. What is the units digit of k?
4
What is the thousands digit of 1/((-7 + 12)/20600)?
4
What is the hundreds digit of 6/8 - 915/120*-626?
7
Let h = 73 + -121. Suppose 2*y = 4*y + m - 131, 0 = -3*y - 2*m + 194. Let f = h + y. What is the units digit of f?
0
Let i be 5/((-105)/(-36))*7. Suppose 7*r = 11*r - i. Suppose 0 = r*q - 5*h - 107, -5*q - 5*h = -19 - 106. What is the tens digit of q?
2
Let o(k) = -k**2 - 13*k - 12. Let l be o(-12). Suppose l = -3*u + 4*u - 4. Suppose -u*p + 25 = 3*j, -4*j - 19 = -p - 8. What is the units digit of p?
7
Let t(n) = -2*n - 1. Let a be t(-1). Let k be (a + (4 - 1))/2. Suppose 3*h + k*h = 5. What is the units digit of h?
1
Let s = 72 + -36. Let m = 24 + s. What is the units digit of m?
0
What is the tens digit of (8/14)/((-37)/(-108521))?
7
Let r = -102 + 105. Suppose 4*z - 560 = -4*v + r*z, 3*z = -5*v + 707. What is the units digit of v?
9
Let h = 602 - 52. What is the tens digit of h?
5
Let r be ((-4)/(-5))/(4/10). Let s be 1*r/(-8)*0. Suppose m - 12 = -s*m. What is the tens digit of m?
1
What is the tens digit of 18/(-36)*3*-34?
5
Let k(d) = 19 + 3*d**2 - 2*d**2 - 14*d + 7*d + 18*d. What is the units digit of k(-9)?
1
Let b = 35 + -20. What is the units digit of (4 + -2)*b/2?
5
Suppose -20*h = -24*h + 1948. What is the tens digit of h?
8
Let u(j) = -16 - 14*j + 12*j + 6*j. Suppose 4 = -3*a + 37. What is the units digit of u(a)?
8
What is the tens digit of 1 + 1518 - 343/49?
1
Let h(p) = -p**2 - 4*p + 11. Let m be h(-5). What is the tens digit of 3*158/m + 0?
7
Let q(g) = 139*g - 4. What is the units digit of q(2)?
4
What is the hundreds digit of 108/(-14)*(-86 + -12)?
7
Let u be ((-2)/5)/((-4)/(-80)). Let s be (-50)/((4 + -8)/u). Let a = -55 - s. What is the units digit of a?
5
Suppose -h - 1291 = -3*z - z, -4*z + 5*h + 1287 = 0. What is the hundreds digit of z?
3
Suppose 5*g + 108 = -m + 3*m, 5*m + 93 = -4*g. Let d(w) = -w**2 + w. Let i be d(4). Let s = i - g. What is the units digit of s?
0
What is the hundreds digit of 65845/105 + ((-30)/63)/5?
6
Let r(m) = 67*m - 30. Let p be r(4). What is the tens digit of (-68)/p + 429/7?
6
Suppose -2*x - 2*k + 60 = 0, 5*x = -3*k - k + 154. Let w be x/2 + (-13)/13. Suppose 0 = -p + m - 5*m + w, -87 = -3*p + m. What is the units digit of p?
8
Let t be 3/(3/7) - 0. Let a = 30 - t. What is the units digit of a?
3
Suppose 5*v = 10*v - 5585. Suppose 3*a - v = -289. Suppose 9*n = 3*n + a. What is the units digit of n?
6
Suppose 0 = 6*y - y + 10, 5*d = 5*y + 65. What is the tens digit of 2 + 86/d - 4/(-22)?
1
Let r = -28 + 3. What is the units digit of 0 - 1405/r - (-2)/(-10)?
6
Let o(r) = r**3 - 11*r**2 + 11*r + 10. Let x be o(10). Let g be 31/4 - (2 + 18/(-8)). Let v = x - g. What is the units digit of v?
2
Suppose -2*u = 2*l - 1 - 9, 2*u + 4 = 5*l. Let v be 42 + 1 - (-3 + u). Let h = v + -28. What is the units digit of h?
5
Let n = -7 - -9. Let a(k) = 2*k**3 - 3*k + 3. What is the tens digit of a(n)?
1
Let m = 27 - 20. Suppose -6*s - 7 = -m*s. What is the units digit of s?
7
Let j be (2*(-2 + -3))/(-2). Suppose 3*i + j*v = 153, 0 = -5*i - 2*v + 23 + 251. What is the units digit of i?
6
Let o = 25 + 878. What is the hundreds digit of o?
9
Suppose 3*m - 750 = -156. What is the units digit of m?
8
Let l(b) = -b**2 + 6*b + 5. Suppose 7*m - 15 = 4*m. Let h be l(m). Suppose 2*w = 6 + h. What is the units digit of w?
8
Let h = 4 + 7. Let u(a) = 33*a - 66*a - 12*a**2 + 46*a + 4*a**3 - 3*a**3 - 9. What is the tens digit of u(h)?
1
Suppose 3*j + 2*s = 835, -26 - 1359 = -5*j - 5*s. Suppose -j + 81 = -4*i. What is the units digit of i?
0
Suppose 3*l - 1 = -10, 0 = v - 2*l - 1307. What is the tens digit of v?
0
Suppose 0 = 3*d + 104 - 110. What is the tens digit of (-196)/140*(-430)/d?
0
Let f(a) = -6*a + 3*a + 13 - 20. What is the tens digit of f(-6)?
1
Suppose 22*s - 25379 + 2719 = 0. What is the thousands digit of s?
1
Let f(g) = -g - 3. Let w be f(-8). Let m(o) be the first derivative of o**2/2 - 2*o - 8. What is the units digit of m(w)?
3
Suppose -3*a - 4*b + 536 = 0, -3*b - 845 = -4*a - a. Let k = 3 + a. What is the hundreds digit of k?
1
Let c(t) = t**2 + 6*t - 9. Let z be c(-7). Let l be (-26*(0 - -1))/z. Suppose 5*v + 2*i - 125 = 0, 0 = -v + 2*i - 0 + l. What is the units digit of v?
3
Suppose 29*r - 412 = 27*r. What is the tens digit of r?
0
Suppose -2810*a + 2819*a = 30312. What is the thousands digit of a?
3
Suppose 9*d = 12*d - 2850. Suppose -2*k - d = -4*x, 0 = 3*x - 4*k + k - 705. What is the tens digit of x?
4
Suppose -3*l + 7*l - 177 = 3*y, 2*l - 3*y - 87 = 0. What is the units digit of l?
5
Let j = -69 - -66. What is the tens digit of (-16)/(0 - ((-92)/32 - j))?
2
Let x = 13 - 9. Let a(j) = j**3 - j**2 - 5*j + 8. What is the tens digit of a(x)?
3
Suppose 13*n - 50735 - 21610 = 0. What is the thousands digit of n?
5
Let k = 18 + -16. Suppose 3*z - 57 = 3*q, k*q + 49 = -5*z + 144. What is the units digit of z?
9
Suppose -6*s - 728 = -4406. What is the units digit of s?
3
Let c(r) = r**3 + 4*r**2 - 1. Let i be c(-2). Let z(h) = h**2 - 5*h - 1. What is the tens digit of z(i)?
1
What is the units digit of (-594)/(-72)*(-1128)/(-9)?
4
Let a(g) = 12*g**2 - 15*g + 166. What is the hundreds digit of a(21)?
1
Let p be (1 - (3 + 2)) + 4. Let i = p + 3. Suppose -4*x + x + i*s = -123, -5*s - 167 = -4*x. What is the tens digit of x?
3
Let y = -218 + 143. Let k = 151 + y. What is the units digit of k?
6
Suppose -3*v = -4*v - z + 8, 4*z = -2*v + 20. Suppose -2*j + v - 2 = 0. Suppose -j*w + 3 = -w - l, -3*l - 1 = 5*w. What is the units digit of w?
1
Let s(k) = -k**2 - 5*k - 4. Let p be s(-4). Let d be p - (33 + 12/(-4)). What is the units digit of 1/(2 + 57/d)?
0
Suppose -6*p = -5142 + 666. What is the units digit of p?
6
Suppose -4*c + c = -4*i - 82, 0 = 3*i - 3*c + 63. Let r(m) = m**3 + 18*m**2 - 30*m - 61. What is the tens digit of r(i)?
4
Let h = 628 - 258. What is the hundreds digit of h?
3
Suppose 4*a + 3*f = 2517, -2*a - 5*f + 317 = -952. What is the units digit of a?
7
Let v(j) = 96*j**2 - 8*j + 2. Let q(y) = 97*y**2 - 9*y + 2. Let h(g) = -6*q(g) + 7*v(g). What is the tens digit of h(1)?
9
Suppose 192 = 3*b + 3*q, 74 = 2*b + 4*q - 48. What is the units digit of b?
7
Suppose 0 = 14*d - 17*d + 204. Let s = 169 - d. What is the hundreds digit of s?
1
What is the units digit of 465/7 + 116/203?
7
Suppose -w + 2 = 2*t + 7, 2*t = w + 5. Let p be 52 - t*(-3)/(-6). What is the units digit of 1152/p + (-6)/39?
2
Let u = -54 - -387. What is the tens digit of u?
3
Suppose -1658 = -4*y - 5*r, -2*r = -27*y + 26*y + 421. What is the hundreds digit of y?
4
Let s(m) = m**3 - 7*m**2 - m + 7. Let g be s(7). Suppose 5*a + 1 - 21 = g. Suppose -o - a*o = -280. What is the tens digit of o?
5
Suppose -2*c = 4*c. What is the tens digit of (0 + (c - -1))*(-164)/(-4)?
4
Let v(g) = g**2 - 8*g - 5. Let o be v(-6). Suppose 3*p + 47 = -c, c - 3*c - 3*p = o. What is the tens digit of (c/24)/((-1)/51)?
6
Let t(x) = 7*x + 11. Suppose 6*l - 73 = -7. What is the tens digit of t(l)?
8
Let d(u) 